212
4708 (base 10) to base 11
35a0
-312013 (base 6) to base 5
-1300230
999 (base 10) to base 16
3e7
What is -10111021 (base 3) in base 9?
-3437
What is -2c1 (base 13) in base 2?
-111101111
What is 122 (base 5) in base 3?
1101
2b66 (base 12) to base 3
21000120
Convert -2120111 (base 4) to base 9.
-14332
-1608a (base 12) to base 9
-46727
What is -1101100011 (base 2) in base 3?
-1012010
1999 (base 13) to base 14
1588
What is -1011001111000 (base 2) in base 11?
-435a
What is 1175 (base 9) in base 7?
2363
-6171 (base 8) to base 7
-12211
What is -412522 (base 6) in base 5?
-2024101
Convert 120 (base 15) to base 11.
212
260 (base 13) to base 10
416
Convert 11c62 (base 14) to base 2.
1010101001001110
-1165 (base 8) to base 5
-10004
What is 350 (base 7) in base 11?
156
303301 (base 4) to base 16
cf1
-826 (base 12) to base 3
-1121210
Convert 2444 (base 10) to base 8.
4614
-1cd0 (base 14) to base 4
-1102132
Convert 24 (base 15) to base 2.
100010
Convert 115225 (base 6) to base 12.
5b15
949 (base 11) to base 3
1120022
What is -200121 (base 3) in base 2?
-111110110
What is -2947 (base 10) in base 2?
-101110000011
-1010011001101111 (base 2) to base 7
-235135
-4890 (base 10) to base 8
-11432
What is 362 (base 9) in base 10?
299
553133 (base 6) to base 14
12b05
Convert 25145 (base 9) to base 6.
210105
-10210021 (base 3) to base 7
-11023
What is -2e2 (base 15) in base 2?
-1010010110
Convert -2303020 (base 4) to base 13.
-52ab
What is -1d9b (base 14) in base 6?
-41045
Convert 22300 (base 6) to base 15.
ddc
Convert 7413 (base 11) to base 6.
113235
a59 (base 14) to base 7
5642
-201101 (base 3) to base 16
-20b
9519 (base 13) to base 5
1130030
Convert -11200 (base 3) to base 8.
-176
What is b83a (base 14) in base 12?
164a4
Convert -420 (base 9) to base 14.
-1a6
What is 63440 (base 8) in base 14?
989a
-129b (base 13) to base 6
-20155
What is -854 (base 11) in base 15?
-487
Convert 163114 (base 7) to base 8.
77056
What is -111111110010 (base 2) in base 9?
-5535
-92 (base 13) to base 12
-9b
Convert 2631 (base 16) to base 3.
111102010
What is -54525 (base 6) in base 5?
-220131
-4e37 (base 15) to base 12
-97ba
Convert 4a72 (base 11) to base 10.
6613
Convert -11000010000 (base 2) to base 10.
-1552
What is 1001000002 (base 3) in base 9?
31002
42a2 (base 12) to base 2
1110010011010
-102134 (base 6) to base 16
-204a
-2a8 (base 14) to base 15
-260
What is -313413 (base 5) in base 6?
-120311
What is 25400 (base 7) in base 4?
1220321
10302 (base 6) to base 2
10101111110
-38147 (base 9) to base 5
-1310024
Convert 10424 (base 5) to base 10.
739
Convert 40273 (base 8) to base 7.
66212
-101012 (base 3) to base 2
-100010011
What is -1377 (base 12) in base 5?
-33001
What is -1521 (base 11) in base 5?
-30314
Convert -930 (base 14) to base 15.
-806
1103240 (base 5) to base 16
4afb
Convert -11030001 (base 4) to base 3.
-1002011000
Convert -3c9 (base 13) to base 15.
-2ec
What is 430320 (base 5) in base 11?
a956
Convert 12244 (base 6) to base 14.
948
What is 39a (base 15) in base 12?
584
-2556 (base 7) to base 3
-1100000
-1473 (base 12) to base 3
-10021120
Convert -82 (base 13) to base 2.
-1101010
Convert -25303 (base 9) to base 4.
-10021311
1cc (base 13) to base 15
177
Convert -9ab (base 12) to base 11.
-1088
9a5 (base 12) to base 3
1221122
Convert -32033 (base 4) to base 8.
-1617
What is 91 (base 16) in base 9?
171
What is 1131431 (base 5) in base 4?
11012002
What is 25561 (base 7) in base 16?
1a95
-1266 (base 9) to base 10
-951
-2726 (base 12) to base 3
-20011110
-160 (base 11) to base 9
-227
-2c0b (base 15) to base 6
-111445
Convert -367 (base 11) to base 6.
-2004
What is -122421 (base 5) in base 13?
-2204
What is 12a (base 13) in base 6?
541
102003 (base 4) to base 2
10010000011
What is -579 (base 10) in base 15?
-289
-3117 (base 13) to base 16
-1a7c
Convert 351 (base 9) to base 16.
121
Convert 563 (base 11) to base 7.
1652
What is 146 (base 9) in base 4?
1323
288a (base 14) to base 10
7178
What is -101012 (base 3) in base 15?
-135
Convert -231301 (base 5) to base 8.
-20206
221234 (base 5) to base 3
101112222
What is 103a (base 12) in base 16?
6ee
Convert c484 (base 15) to base 5.
2312044
Convert -65343 (base 7) to base 16.
-3fab
What is 1421031 (base 5) in base 3?
1111111012
Convert 7d07 (base 16) to base 8.
76407
What is -10022211 (base 3) in base 16?
-979
Convert -133300 (base 6) to base 3.
-122001000
767 (base 8) to base 7
1316
Convert -2367 (base 13) to base 9.
-6750
What is 102022220 (base 3) in base 2?
10000001000011
What is -15344 (base 7) in base 3?
-12220002
Convert -1010110101 (base 2) to base 12.
-499
Convert 3a19 (base 15) to base 14.
4739
-52d (base 15) to base 7
-3256
What is -1506 (base 8) in base 15?
-3ad
Convert 222 (base 10) to base 7.
435
-1933 (base 10) to base 13
-b59
-21000 (base 3) to base 11
-162
What is 122001 (base 3) in base 9?
561
-12270 (base 8) to base 13
-2550
What is 2212 (base 7) in base 3?
1002101
Convert -9289 (base 10) to base 13.
-42c7
597 (base 13) to base 4
33021
Convert -5673 (base 8) to base 11.
-2290
-3402 (base 5) to base 10
-477
What is -3ed7 (base 15) in base 16?
-34a5
1989 (base 12) to base 3
11021220
What is -4dc (base 14) in base 4?
-33102
31324 (base 6) to base 14
1780
What is 51491 (base 10) in base 8?
144443
Convert 50 (base 7) to base 6.
55
Convert 2672 (base 10) to base 9.
3588
2a40 (base 14) to base 10
7504
295 (base 12) to base 4
12101
What is 3994 (base 12) in base 2?
1100111000000
125a7 (base 13) to base 7
200641
What is 1001002 (base 5) in base 16?
3d88
What is 387 (base 9) in base 7?
640
What is -1444 (base 6) in base 13?
-23b
27175 (base 8) to base 12
6a79
Convert -3581 (base 15) to base 10.
-11371
What is -689 (base 15) in base 5?
-21404
What is -42340 (base 6) in base 15?
-1a83
Convert -37f (base 16) to base 13.
-53b
What is 1322 (base 5) in base 7?
422
4824 (base 15) to base 14
5834
-101101111100 (base 2) to base 11
-2233
Convert -3311 (base 7) to base 2.
-10010100000
Convert 351025 (base 6) to base 4.
13111121
Convert 44156 (base 7) to base 4.
2230322
Convert -293 (base 16) to base 2.
-1010010011
What is -54370 (base 9) in base 4?
-20302323
What is 1176 (base 9) in base 8?
1557
-310 (base 10) to base 6
-1234
What is 1269 (base 11) in base 9?
2231
What is 60624 (base 10) in base 11?
41603
Convert 2106 (base 7) to base 6.
3233
What is 2e79 (base 15) in base 11?
7584
Convert -1110110010 (base 2) to base 10.
-946
-13546 (base 11) to base 16
-4b59
What is -12525 (base 7) in base 2?
-110100010111
What is -32233 (base 6) in base 10?
-4413
Convert 3970 (base 12) to base 8.
14644
What is 110000101010101 (base 2) in base 10?
24917
Convert -5996 (base 11) to base 9.
-11681
Convert 2010122 (base 3) to base 2.
11000010100
-168a (base 13) to base 16
-cfd
1100011001 (base 2) to base 6
3401
What is -27677 (base 9) in base 7?
-105520
What is -2d4b (base 15) in base 14?
-37a2
What is 6a22 (base 11) in base 13?
4273
Convert -131 (base 7) to base 12.
-5b
What is -c991 (base 14) in base 13?
-12b05
Convert -330310 (base 4) to base 16.
-f34
What is -836 (base 16) in base 4?
-200312
What is -140223 (base 5) in base 11?
-4301
Convert 120031 (base 4) to base 6.
11101
What is 169 (base 10) in base 11?
144
What is -500 (base 6) in base 10?
-180
377 (base 9) to base 5
2223
-73e (base 15) to base 7
-4523
-1211113 (base 5) to base 9
-34065
-3770 (base 9) to base 7
-11133
-cc14 (base 13) to base 12
-14535
Convert 86 (base 14) to base 12.
9a
Convert 1015 (base 6) to base 8.
343
What is 21204 (base 5) in base 12?
9b1
Convert -8920 (base 13) to base 10.
-19123
What is 36307 (base 8) in base 9?
23307
Convert -3252 (base 10) to base 7.
-12324
-252304 (base 7) to base 10
-46456
What is -11011000101 (base 2) in base 11?
-1336
Convert 13079 (base 13) to base 4.
20212310
-1333321 (base 5) to base 10
-27336
What is -8d0 (base 14) in base 10?
-1750
-10312 (base 5) to base 4
-23003
Convert -2883 (base 12) to base 10.
-4707
What is 3123303 (base 4) in base 3?
201022000
Convert -24043 (base 10) to base 13.
-ac36
What is -2472 (base 8) in base 3?
-1211120
41157 (base 8) to base 2
100001001101111
What is -521 (base 12) in base 11?
-618
What is 1013 (base 7) in base 14?
1b3
Convert 4359 (base 12) to base 9.
11146
What is -323221 (base 7) in base 4?
-31300231
101